{"id":1102,"date":"2024-02-25T21:32:54","date_gmt":"2024-02-25T21:32:54","guid":{"rendered":"https:\/\/finragdolls.net.wp2.kotisivut.com\/wordpress\/?page_id=1102"},"modified":"2024-10-16T17:51:22","modified_gmt":"2024-10-16T17:51:22","slug":"1102-2","status":"publish","type":"page","link":"https:\/\/finragdolls.net\/index.php\/kasvatus\/kasvattajainfo-ja-tiedotteet\/1102-2\/","title":{"rendered":"Ilmoita pennut listalle"},"content":{"rendered":"\n<h2 class=\"wp-block-heading\">Ilmoita pennut listalle<\/h2>\n\n\n\n<p>V\u00e4hint\u00e4\u00e4n 3-viikkoiset pennut p\u00e4\u00e4sev\u00e4t listalle.<br>Yli viiden kuukauden ik\u00e4iset pennut poistetaan listalta, ellei kasvattaja toisin ilmoita.<br>Voit ilmoittaa pennut omilla riveill\u00e4\u00e4n tai samanlaiset pennut yhdell\u00e4 rivill\u00e4, jolloin lis\u00e4\u00e4 alkuun pentujen lkm. <br>P\u00e4ivitykset samalla lomakkeella tai s\u00e4hk\u00f6postilla webmaster@finragdolls.net<br>( Yhteystiedoiksi tulee samat tiedot kuin kasvattajasivulla, ellet toisin ilmoita lis\u00e4tiedoissa)<\/p>\n\n\n\n<div class=\"forminator-guttenberg\"><div class=\"forminator-ui forminator-custom-form forminator-custom-form-1312 forminator-design--default  forminator_ajax\" data-forminator-render=\"0\" data-form=\"forminator-module-1312\" data-uid=\"69e4b6c34caa2\"><br\/><\/div><form\n\t\t\t\tid=\"forminator-module-1312\"\n\t\t\t\tclass=\"forminator-ui forminator-custom-form forminator-custom-form-1312 forminator-design--default  forminator_ajax\"\n\t\t\t\tmethod=\"post\"\n\t\t\t\tdata-forminator-render=\"0\"\n\t\t\t\tdata-form-id=\"1312\"\n\t\t\t\tenctype=\"multipart\/form-data\" data-color-option=\"default\" data-design=\"default\" data-grid=\"open\" style=\"display: none;\"\n\t\t\t\tdata-uid=\"69e4b6c34caa2\"\n\t\t\t><div role=\"alert\" aria-live=\"polite\" class=\"forminator-response-message forminator-error\" aria-hidden=\"true\"><\/div><div class=\"forminator-row\"><div id=\"name-1\" class=\"forminator-field-name forminator-col forminator-col-6 \"><div class=\"forminator-field\"><label for=\"forminator-field-name-1_69e4b6c34caa2\" id=\"forminator-field-name-1_69e4b6c34caa2-label\" class=\"forminator-label\">NImi <span class=\"forminator-required\">*<\/span><\/label><input type=\"text\" name=\"name-1\" value=\"\" placeholder=\"\" id=\"forminator-field-name-1_69e4b6c34caa2\" class=\"forminator-input forminator-name--field\" aria-required=\"true\" autocomplete=\"name\" \/><\/div><\/div><div id=\"email-1\" class=\"forminator-field-email forminator-col forminator-col-6 \"><div class=\"forminator-field\"><label for=\"forminator-field-email-1_69e4b6c34caa2\" id=\"forminator-field-email-1_69e4b6c34caa2-label\" class=\"forminator-label\">S\u00e4hk\u00f6posti <span class=\"forminator-required\">*<\/span><\/label><input type=\"email\" name=\"email-1\" value=\"\" placeholder=\"\" id=\"forminator-field-email-1_69e4b6c34caa2\" class=\"forminator-input forminator-email--field\" data-required=\"1\" aria-required=\"true\" autocomplete=\"email\" \/><\/div><\/div><\/div><div class=\"forminator-row\"><div id=\"text-10\" class=\"forminator-field-text forminator-col forminator-col-12 \"><div class=\"forminator-field\"><label for=\"forminator-field-text-10_69e4b6c34caa2\" id=\"forminator-field-text-10_69e4b6c34caa2-label\" class=\"forminator-label\">Puhelinnumero<\/label><input type=\"text\" name=\"text-10\" value=\"\" placeholder=\"\" id=\"forminator-field-text-10_69e4b6c34caa2\" class=\"forminator-input forminator-name--field\" data-required=\"\" \/><\/div><\/div><\/div><div class=\"forminator-row\"><div id=\"text-1\" class=\"forminator-field-text forminator-col forminator-col-6 \"><div class=\"forminator-field\"><label for=\"forminator-field-text-1_69e4b6c34caa2\" id=\"forminator-field-text-1_69e4b6c34caa2-label\" class=\"forminator-label\">Kasvattajanimi <span class=\"forminator-required\">*<\/span><\/label><input type=\"text\" name=\"text-1\" value=\"FI*\" placeholder=\"\" id=\"forminator-field-text-1_69e4b6c34caa2\" class=\"forminator-input forminator-name--field\" data-required=\"1\" \/><\/div><\/div><div id=\"text-2\" class=\"forminator-field-text forminator-col forminator-col-6 \"><div class=\"forminator-field\"><label for=\"forminator-field-text-2_69e4b6c34caa2\" id=\"forminator-field-text-2_69e4b6c34caa2-label\" class=\"forminator-label\">Pentujen syntym\u00e4aika <span class=\"forminator-required\">*<\/span><\/label><input type=\"text\" name=\"text-2\" value=\"\" placeholder=\"\" id=\"forminator-field-text-2_69e4b6c34caa2\" class=\"forminator-input forminator-name--field\" data-required=\"1\" \/><\/div><\/div><\/div><div class=\"forminator-row\"><div id=\"text-3\" class=\"forminator-field-text forminator-col forminator-col-12 \"><div class=\"forminator-field\"><label for=\"forminator-field-text-3_69e4b6c34caa2\" id=\"forminator-field-text-3_69e4b6c34caa2-label\" class=\"forminator-label\">Emon nimi ja EMS-koodi <span class=\"forminator-required\">*<\/span><\/label><input type=\"text\" name=\"text-3\" value=\"\" placeholder=\"\" id=\"forminator-field-text-3_69e4b6c34caa2\" class=\"forminator-input forminator-name--field\" data-required=\"1\" \/><\/div><\/div><\/div><div class=\"forminator-row\"><div id=\"text-4\" class=\"forminator-field-text forminator-col forminator-col-12 \"><div class=\"forminator-field\"><label for=\"forminator-field-text-4_69e4b6c34caa2\" id=\"forminator-field-text-4_69e4b6c34caa2-label\" class=\"forminator-label\">Is\u00e4n nimi ja EMS-koodi <span class=\"forminator-required\">*<\/span><\/label><input type=\"text\" name=\"text-4\" value=\"\" placeholder=\"\" id=\"forminator-field-text-4_69e4b6c34caa2\" class=\"forminator-input forminator-name--field\" data-required=\"1\" \/><\/div><\/div><\/div><div class=\"forminator-row\"><div id=\"text-5\" class=\"forminator-field-text forminator-col forminator-col-12 \"><div class=\"forminator-field\"><label for=\"forminator-field-text-5_69e4b6c34caa2\" id=\"forminator-field-text-5_69e4b6c34caa2-label\" class=\"forminator-label\">1)<\/label><input type=\"text\" name=\"text-5\" value=\"\" placeholder=\"\" id=\"forminator-field-text-5_69e4b6c34caa2\" class=\"forminator-input forminator-name--field\" data-required=\"\" aria-describedby=\"forminator-field-text-5_69e4b6c34caa2-description\" \/><span id=\"forminator-field-text-5_69e4b6c34caa2-description\" class=\"forminator-description\">Samalaisten pentujen lkm, sukupuoli, v\u00e4ri, kuvio, taso (Esim. 3, naaras, ruskea, mitted, lemmikki)<\/span><\/div><\/div><\/div><div class=\"forminator-row\"><div id=\"text-6\" class=\"forminator-field-text forminator-col forminator-col-12 \"><div class=\"forminator-field\"><label for=\"forminator-field-text-6_69e4b6c34caa2\" id=\"forminator-field-text-6_69e4b6c34caa2-label\" class=\"forminator-label\">2)<\/label><input type=\"text\" name=\"text-6\" value=\"\" placeholder=\"\" id=\"forminator-field-text-6_69e4b6c34caa2\" class=\"forminator-input forminator-name--field\" data-required=\"\" aria-describedby=\"forminator-field-text-6_69e4b6c34caa2-description\" \/><span id=\"forminator-field-text-6_69e4b6c34caa2-description\" class=\"forminator-description\">Pentujen lkm, sukupuoli, v\u00e4ri, kuvio, taso (Esim. 2,uros, ruskea, mitted, lemmikki)<\/span><\/div><\/div><\/div><div class=\"forminator-row\"><div id=\"text-7\" class=\"forminator-field-text forminator-col forminator-col-12 \"><div class=\"forminator-field\"><label for=\"forminator-field-text-7_69e4b6c34caa2\" id=\"forminator-field-text-7_69e4b6c34caa2-label\" class=\"forminator-label\">3)<\/label><input type=\"text\" name=\"text-7\" value=\"\" placeholder=\"\" id=\"forminator-field-text-7_69e4b6c34caa2\" class=\"forminator-input forminator-name--field\" data-required=\"\" aria-describedby=\"forminator-field-text-7_69e4b6c34caa2-description\" \/><span id=\"forminator-field-text-7_69e4b6c34caa2-description\" class=\"forminator-description\">Pentujen lkm, sukupuoli, v\u00e4ri, kuvio, taso (Esim. 1, naaras, sininen, mitted, lemmikki)<\/span><\/div><\/div><\/div><div class=\"forminator-row\"><div id=\"text-8\" class=\"forminator-field-text forminator-col forminator-col-12 \"><div class=\"forminator-field\"><label for=\"forminator-field-text-8_69e4b6c34caa2\" id=\"forminator-field-text-8_69e4b6c34caa2-label\" class=\"forminator-label\">4)<\/label><input type=\"text\" name=\"text-8\" value=\"\" placeholder=\"\" id=\"forminator-field-text-8_69e4b6c34caa2\" class=\"forminator-input forminator-name--field\" data-required=\"\" aria-describedby=\"forminator-field-text-8_69e4b6c34caa2-description\" \/><span id=\"forminator-field-text-8_69e4b6c34caa2-description\" class=\"forminator-description\">Pentujen lkm, sukupuoli, v\u00e4ri, kuvio, taso (Esim. 4, naaras)<\/span><\/div><\/div><\/div><div class=\"forminator-row\"><div id=\"text-9\" class=\"forminator-field-text forminator-col forminator-col-12 \"><div class=\"forminator-field\"><label for=\"forminator-field-text-9_69e4b6c34caa2\" id=\"forminator-field-text-9_69e4b6c34caa2-label\" class=\"forminator-label\">5)<\/label><input type=\"text\" name=\"text-9\" value=\"\" placeholder=\"\" id=\"forminator-field-text-9_69e4b6c34caa2\" class=\"forminator-input forminator-name--field\" data-required=\"\" maxlength=\"30\" aria-describedby=\"forminator-field-text-9_69e4b6c34caa2-description\" \/><span id=\"forminator-field-text-9_69e4b6c34caa2-description\" class=\"forminator-description\">Pentujen lkm, sukupuoli, v\u00e4ri, kuvio, taso (Esim. 3, naaras, ruskea, mitted, lemmikki)<span data-limit=\"30\" data-type=\"characters\">0 \/ 30<\/span><\/span><\/div><\/div><\/div><div class=\"forminator-row\"><div id=\"textarea-1\" class=\"forminator-field-textarea forminator-col forminator-col-12 \"><div class=\"forminator-field\"><label for=\"forminator-field-textarea-1_69e4b6c34caa2\" id=\"forminator-field-textarea-1_69e4b6c34caa2-label\" class=\"forminator-label\">Lis\u00e4tiedot<\/label><textarea name=\"textarea-1\" placeholder=\"\" id=\"forminator-field-textarea-1_69e4b6c34caa2\" class=\"forminator-textarea\" rows=\"6\" style=\"min-height:140px;\" aria-describedby=\"forminator-field-textarea-1_69e4b6c34caa2-description\" ><\/textarea><span id=\"forminator-field-textarea-1_69e4b6c34caa2-description\" class=\"forminator-description\">Voit lis\u00e4t\u00e4 t\u00e4h\u00e4n pennut, jotka eiv\u00e4t mahtuneet riveille sek\u00e4 muut ilmoitukset.<\/span><\/div><\/div><\/div><div class=\"forminator-row\"><div id=\"upload-1\" class=\"forminator-field-upload forminator-col forminator-col-12 \"><div class=\"forminator-field\"><label for=\"forminator-field-upload-1_69e4b6c34caa2\" id=\"forminator-field-upload-1_69e4b6c34caa2-label\" class=\"forminator-label\">Lis\u00e4\u00e4 ilmoitukseen kuvia (max 3 kpl)<\/label><div class=\"forminator-multi-upload \" data-element=\"upload-1_69e4b6c34caa2\"><input type=\"file\" name=\"upload-1[]\" id=\"forminator-field-upload-1_69e4b6c34caa2\" class=\"forminator-input-file forminator-field-upload-1_69e4b6c34caa2-1312\" multiple=\"multiple\" data-method=\"ajax\" data-size=\"2000000\" data-size-message=\"Maximum file size allowed is 2 MB. \"><div class=\"forminator-multi-upload-message\" aria-hidden=\"true\"><span class=\"forminator-icon-upload\" aria-hidden=\"true\"><\/span><p>Drag and Drop (or) <a class=\"forminator-upload-file--forminator-field-upload-1_69e4b6c34caa2\" href=\"#\" onclick=\"return false;\">Choose Files<\/a><\/p><\/div><\/div><ul class=\"forminator-uploaded-files upload-container-upload-1_69e4b6c34caa2\"><\/ul><\/div><\/div><\/div><input type=\"hidden\" name=\"referer_url\" value=\"\" \/><div class=\"forminator-row forminator-row-last\"><div class=\"forminator-col\"><div class=\"forminator-field\"><button class=\"forminator-button forminator-button-submit Kiitos ilmotuksesta. P\u00e4ivit\u00e4mme sivun asap.\">L&auml;het&auml;<\/button><\/div><\/div><\/div><input type=\"hidden\" id=\"forminator_nonce\" name=\"forminator_nonce\" value=\"8f9fbdecfa\" \/><input type=\"hidden\" name=\"_wp_http_referer\" value=\"\/index.php\/wp-json\/wp\/v2\/pages\/1102\" \/><input type=\"hidden\" name=\"form_id\" value=\"1312\"><input type=\"hidden\" name=\"page_id\" value=\"1102\"><input type=\"hidden\" name=\"form_type\" value=\"default\"><input type=\"hidden\" name=\"current_url\" value=\"https:\/\/finragdolls.net\/index.php\/kasvatus\/kasvattajainfo-ja-tiedotteet\/1102-2\/\"><input type=\"hidden\" name=\"render_id\" value=\"0\"><input type=\"hidden\" name=\"forminator-multifile-hidden\" class=\"forminator-multifile-hidden\"><input type=\"hidden\" name=\"action\" value=\"forminator_submit_form_custom-forms\"><\/form><\/div>\n\n\n\n<div class=\"wp-block-buttons is-layout-flex wp-block-buttons-is-layout-flex\">\n<div class=\"wp-block-button\"><a class=\"wp-block-button__link wp-element-button\" href=\"https:\/\/finragdolls.net\/index.php\/kasvatus\/kasvattajainfo-ja-tiedotteet\/\">Kasvattajainfo<\/a><\/div>\n<\/div>\n","protected":false},"excerpt":{"rendered":"<p>Ilmoita pennut listalle V\u00e4hint\u00e4\u00e4n 3-viikkoiset pennut p\u00e4\u00e4sev\u00e4t listalle.Yli viiden kuukauden ik\u00e4iset pennut poistetaan listalta, ellei kasvattaja toisin ilmoita.Voit ilmoittaa pennut omilla riveill\u00e4\u00e4n tai samanlaiset pennut yhdell\u00e4 rivill\u00e4, jolloin lis\u00e4\u00e4 alkuun pentujen lkm. P\u00e4ivitykset samalla lomakkeella tai s\u00e4hk\u00f6postilla webmaster@finragdolls.net( Yhteystiedoiksi tulee samat tiedot kuin kasvattajasivulla, ellet toisin ilmoita lis\u00e4tiedoissa)<\/p>\n","protected":false},"author":1,"featured_media":0,"parent":635,"menu_order":1,"comment_status":"closed","ping_status":"closed","template":"","meta":{"site-sidebar-layout":"default","site-content-layout":"","ast-site-content-layout":"default","site-content-style":"default","site-sidebar-style":"default","ast-global-header-display":"","ast-banner-title-visibility":"","ast-main-header-display":"","ast-hfb-above-header-display":"","ast-hfb-below-header-display":"","ast-hfb-mobile-header-display":"","site-post-title":"","ast-breadcrumbs-content":"","ast-featured-img":"","footer-sml-layout":"","ast-disable-related-posts":"","theme-transparent-header-meta":"","adv-header-id-meta":"","stick-header-meta":"","header-above-stick-meta":"","header-main-stick-meta":"","header-below-stick-meta":"","astra-migrate-meta-layouts":"set","ast-page-background-enabled":"default","ast-page-background-meta":{"desktop":{"background-color":"var(--ast-global-color-4)","background-image":"","background-repeat":"repeat","background-position":"center center","background-size":"auto","background-attachment":"scroll","background-type":"","background-media":"","overlay-type":"","overlay-color":"","overlay-opacity":"","overlay-gradient":""},"tablet":{"background-color":"","background-image":"","background-repeat":"repeat","background-position":"center center","background-size":"auto","background-attachment":"scroll","background-type":"","background-media":"","overlay-type":"","overlay-color":"","overlay-opacity":"","overlay-gradient":""},"mobile":{"background-color":"","background-image":"","background-repeat":"repeat","background-position":"center center","background-size":"auto","background-attachment":"scroll","background-type":"","background-media":"","overlay-type":"","overlay-color":"","overlay-opacity":"","overlay-gradient":""}},"ast-content-background-meta":{"desktop":{"background-color":"var(--ast-global-color-5)","background-image":"","background-repeat":"repeat","background-position":"center center","background-size":"auto","background-attachment":"scroll","background-type":"","background-media":"","overlay-type":"","overlay-color":"","overlay-opacity":"","overlay-gradient":""},"tablet":{"background-color":"var(--ast-global-color-5)","background-image":"","background-repeat":"repeat","background-position":"center center","background-size":"auto","background-attachment":"scroll","background-type":"","background-media":"","overlay-type":"","overlay-color":"","overlay-opacity":"","overlay-gradient":""},"mobile":{"background-color":"var(--ast-global-color-5)","background-image":"","background-repeat":"repeat","background-position":"center center","background-size":"auto","background-attachment":"scroll","background-type":"","background-media":"","overlay-type":"","overlay-color":"","overlay-opacity":"","overlay-gradient":""}},"ngg_post_thumbnail":0,"footnotes":""},"class_list":["post-1102","page","type-page","status-publish","hentry"],"_links":{"self":[{"href":"https:\/\/finragdolls.net\/index.php\/wp-json\/wp\/v2\/pages\/1102","targetHints":{"allow":["GET"]}}],"collection":[{"href":"https:\/\/finragdolls.net\/index.php\/wp-json\/wp\/v2\/pages"}],"about":[{"href":"https:\/\/finragdolls.net\/index.php\/wp-json\/wp\/v2\/types\/page"}],"author":[{"embeddable":true,"href":"https:\/\/finragdolls.net\/index.php\/wp-json\/wp\/v2\/users\/1"}],"replies":[{"embeddable":true,"href":"https:\/\/finragdolls.net\/index.php\/wp-json\/wp\/v2\/comments?post=1102"}],"version-history":[{"count":16,"href":"https:\/\/finragdolls.net\/index.php\/wp-json\/wp\/v2\/pages\/1102\/revisions"}],"predecessor-version":[{"id":2261,"href":"https:\/\/finragdolls.net\/index.php\/wp-json\/wp\/v2\/pages\/1102\/revisions\/2261"}],"up":[{"embeddable":true,"href":"https:\/\/finragdolls.net\/index.php\/wp-json\/wp\/v2\/pages\/635"}],"wp:attachment":[{"href":"https:\/\/finragdolls.net\/index.php\/wp-json\/wp\/v2\/media?parent=1102"}],"curies":[{"name":"wp","href":"https:\/\/api.w.org\/{rel}","templated":true}]}}