{"id":116,"date":"2023-05-20T13:47:36","date_gmt":"2023-05-20T13:47:36","guid":{"rendered":"https:\/\/finragdolls.net.wp2.kotisivut.com\/wordpress\/?page_id=116"},"modified":"2024-11-14T12:25:45","modified_gmt":"2024-11-14T12:25:45","slug":"historia","status":"publish","type":"page","link":"https:\/\/finragdolls.net\/index.php\/yhdistys-ja-jasenyys-2\/historia\/","title":{"rendered":"Historia"},"content":{"rendered":"\n<h2 class=\"wp-block-heading has-text-align-center\">Ragdollien historia Suomessa<\/h2>\n\n\n\n<figure class=\"wp-block-image aligncenter size-large is-resized\"><img loading=\"lazy\" decoding=\"async\" width=\"777\" height=\"1024\" src=\"https:\/\/finragdolls.net.wp2.kotisivut.com\/wordpress\/wp-content\/uploads\/2024\/03\/niklas_srkhistoriikki2_11-kuva-Marita-Kienanen-777x1024.jpg\" alt=\"\" class=\"wp-image-1386\" style=\"width:351px;height:auto\" srcset=\"https:\/\/finragdolls.net\/wp-content\/uploads\/2024\/03\/niklas_srkhistoriikki2_11-kuva-Marita-Kienanen-777x1024.jpg 777w, https:\/\/finragdolls.net\/wp-content\/uploads\/2024\/03\/niklas_srkhistoriikki2_11-kuva-Marita-Kienanen-228x300.jpg 228w, https:\/\/finragdolls.net\/wp-content\/uploads\/2024\/03\/niklas_srkhistoriikki2_11-kuva-Marita-Kienanen-768x1012.jpg 768w, https:\/\/finragdolls.net\/wp-content\/uploads\/2024\/03\/niklas_srkhistoriikki2_11-kuva-Marita-Kienanen-1166x1536.jpg 1166w, https:\/\/finragdolls.net\/wp-content\/uploads\/2024\/03\/niklas_srkhistoriikki2_11-kuva-Marita-Kienanen-1555x2048.jpg 1555w, https:\/\/finragdolls.net\/wp-content\/uploads\/2024\/03\/niklas_srkhistoriikki2_11-kuva-Marita-Kienanen-759x1000.jpg 759w, https:\/\/finragdolls.net\/wp-content\/uploads\/2024\/03\/niklas_srkhistoriikki2_11-kuva-Marita-Kienanen.jpg 1868w\" sizes=\"auto, (max-width: 777px) 100vw, 777px\" \/><figcaption class=\"wp-element-caption\">WW &#8217;02 IC FIN*Shyshaman\u2019s For Pamir eli Niklas oli Helsingiss\u00e4 pidetyss\u00e4 kissojen maailmann\u00e4yttelyss\u00e4 vuonna 2002 kategorian II kaunein nuori. <br>Kuva Marita Kienanen<\/figcaption><\/figure>\n\n\n\n<div class=\"wp-block-columns is-layout-flex wp-container-core-columns-is-layout-28f84493 wp-block-columns-is-layout-flex\">\n<div class=\"wp-block-column is-layout-flow wp-block-column-is-layout-flow\" style=\"flex-basis:66.66%\">\n<p>Vaikka ragdoll-rotu kehitettiin Kaliforniassa jo 1960-luvun lopulla, ensimm\u00e4iset rodun edustajat n\u00e4htiin Suomessa vasta yli 20 vuotta my\u00f6hemmin, vuonna 1992. Silloin Mogwai\u2019s-kissalan kasvattajat <strong>Tuija<\/strong> ja <strong>Kari Juntunen<\/strong> toivat Saksasta ruskean bicolour-naaraan ja sinisen colourpoint-uroksen.<\/p>\n\n\n\n<p>EC Dungle-Duck\u2019s Cinderella oli ensimm\u00e4inen Suomeen tuotu ragdoll-naaras. Se synnytti Mogwai\u2019s-kissalaan kolme pentuetta ja sen j\u00e4lkeen nelj\u00e4 pentuetta Allierags-kissalaan. Kuva Hely Klemolan albumi<\/p>\n<\/div>\n\n\n\n<div class=\"wp-block-column is-layout-flow wp-block-column-is-layout-flow\" style=\"flex-basis:33.33%\">\n<figure class=\"wp-block-image size-large\"><img loading=\"lazy\" decoding=\"async\" width=\"617\" height=\"1024\" src=\"https:\/\/finragdolls.net.wp2.kotisivut.com\/wordpress\/wp-content\/uploads\/2024\/03\/Dungle-Ducks_Cinderella1aaa-e1710852192556-617x1024.jpg\" alt=\"\" class=\"wp-image-1393\" srcset=\"https:\/\/finragdolls.net\/wp-content\/uploads\/2024\/03\/Dungle-Ducks_Cinderella1aaa-e1710852192556-617x1024.jpg 617w, https:\/\/finragdolls.net\/wp-content\/uploads\/2024\/03\/Dungle-Ducks_Cinderella1aaa-e1710852192556-181x300.jpg 181w, https:\/\/finragdolls.net\/wp-content\/uploads\/2024\/03\/Dungle-Ducks_Cinderella1aaa-e1710852192556-768x1275.jpg 768w, https:\/\/finragdolls.net\/wp-content\/uploads\/2024\/03\/Dungle-Ducks_Cinderella1aaa-e1710852192556-602x1000.jpg 602w, https:\/\/finragdolls.net\/wp-content\/uploads\/2024\/03\/Dungle-Ducks_Cinderella1aaa-e1710852192556.jpg 921w\" sizes=\"auto, (max-width: 617px) 100vw, 617px\" \/><\/figure>\n<\/div>\n<\/div>\n\n\n\n<div class=\"wp-block-columns is-layout-flex wp-container-core-columns-is-layout-28f84493 wp-block-columns-is-layout-flex\">\n<div class=\"wp-block-column is-layout-flow wp-block-column-is-layout-flow\" style=\"flex-basis:66.66%\">\n<p>Ensimm\u00e4inen Suomessa syntynyt ragdoll-pentue n\u00e4ki p\u00e4iv\u00e4nvalon lokakuussa 1993, kun Saksasta tuotu pariskunta sai pennut Mogwai\u2019s-kissalaan. Pentueeseen kuului kaksi urosta ja yksi naaras. Urokset myytiin lemmikeiksi, mutta naaraspennusta, Mogwai\u2019s Bessiest\u00e4, tuli Suomen ensimm\u00e4inen kotimainen emokissa.<\/p>\n<\/div>\n\n\n\n<div class=\"wp-block-column is-layout-flow wp-block-column-is-layout-flow\" style=\"flex-basis:33.33%\"><\/div>\n<\/div>\n\n\n\n<div class=\"wp-block-columns is-layout-flex wp-container-core-columns-is-layout-28f84493 wp-block-columns-is-layout-flex\">\n<div class=\"wp-block-column is-layout-flow wp-block-column-is-layout-flow\" style=\"flex-basis:66.66%\">\n<p>Alkuvuosina kotimaisia kissoja oli vasta v\u00e4h\u00e4n saatavilla, joten ensimm\u00e4isell\u00e4 vuosikymmenell\u00e4 varsinkin kollit tuotiin useimmiten ulkomailta. Yksi merkitt\u00e4vimmist\u00e4 uroksista Suomen ragdoll-kasvatukselle oli Britanniasta tuotu Ragtime King of Finland (s. 18.9.1993), sill\u00e4 se l\u00f6ytyy edelleen sukutaulusta isolla osalla kotimaisista kissoista. Poikkeuksellisen suurikokoinen, aikuisena 10 kiloa painanut kolli tuli Suomeen kes\u00e4kuussa -94 lemmikiksi ja n\u00e4yttelykissaksi, mutta ennen kastroimista se ehti siitt\u00e4\u00e4 kaksi pentuetta.<br>Kingille syntyi yhteens\u00e4 vain kuusi henkiin j\u00e4\u00e4nytt\u00e4 pentua. N\u00e4ist\u00e4 kuudesta kuitenkin viitt\u00e4 k\u00e4ytettiin kasvatukseen, ja niille syntyi eri kasvattajanimille paljon pentuja. N\u00e4in Kingin geenit levisiv\u00e4t laajalle maamme ragdoll-kantaan.<\/p>\n\n\n\n<p>Nykyisin eniten siitoskissoja tuodaan Pohjoismaista ja Puolasta, mutta alkuvuosina kissoja tuli erityisesti Britanniasta ja Yhdysvalloista. Pari kissaa oli l\u00e4ht\u00f6isin jopa Australiasta asti.&nbsp;<\/p>\n\n\n\n<p><\/p>\n<\/div>\n\n\n\n<div class=\"wp-block-column is-layout-flow wp-block-column-is-layout-flow\" style=\"flex-basis:33.33%\">\n<figure class=\"wp-block-image aligncenter size-full is-resized\"><img loading=\"lazy\" decoding=\"async\" width=\"591\" height=\"948\" src=\"https:\/\/finragdolls.net.wp2.kotisivut.com\/wordpress\/wp-content\/uploads\/2024\/03\/King_vari3j.jpg\" alt=\"\" class=\"wp-image-1389\" style=\"width:236px;height:auto\" srcset=\"https:\/\/finragdolls.net\/wp-content\/uploads\/2024\/03\/King_vari3j.jpg 591w, https:\/\/finragdolls.net\/wp-content\/uploads\/2024\/03\/King_vari3j-187x300.jpg 187w\" sizes=\"auto, (max-width: 591px) 100vw, 591px\" \/><figcaption class=\"wp-element-caption\">IP Ragtime King of Finland oli 10-kiloinen uros, joka l\u00f6ytyy edelleen monen suomalaisen kissan sukutaulusta.<\/figcaption><\/figure>\n<\/div>\n<\/div>\n\n\n\n<div class=\"wp-block-columns is-layout-flex wp-container-core-columns-is-layout-28f84493 wp-block-columns-is-layout-flex\">\n<div class=\"wp-block-column is-layout-flow wp-block-column-is-layout-flow\">\n<p>Ragdoll-kasvattajat ymm\u00e4rsiv\u00e4t pian, ett\u00e4 uuden rodun tuominen maahan ja kasvatuksen laajentaminen vaatii paljon yhteisty\u00f6t\u00e4. Suomen Ragdoll-kissayhdistys ry:n perustamiskokous pidettiin 18.4.1993 Lylyisten kartanossa Hormaj\u00e4rvell\u00e4. L\u00e4sn\u00e4 oli seitsem\u00e4n henkil\u00f6\u00e4, joista muodostettiin yhdistykselle hallitus. Ensimm\u00e4inen j\u00e4sentiedote ilmestyi jo samana syksyn\u00e4 nimell\u00e4 \u201dJ\u00e4senlehti\u201d. Lehden nimeksi tuli Ragdolls numerosta 1\/94 l\u00e4htien.<br>Vuonna 1994 yhdistys j\u00e4rjesti Helsingiss\u00e4 esittelyn\u00e4yttelyn, jossa ragdoll-rotu esiteltiin yleis\u00f6lle. Yhdistyksen ensimm\u00e4iset verkkosivut tehtiin jo vuonna 1996.<\/p>\n<\/div>\n<\/div>\n\n\n\n<div class=\"wp-block-columns is-layout-flex wp-container-core-columns-is-layout-28f84493 wp-block-columns-is-layout-flex\">\n<div class=\"wp-block-column is-layout-flow wp-block-column-is-layout-flow\">\n<p>Aluksi kasvattajat olivat erityisen kiinnostuneita kuvioiden ja v\u00e4rien periytymismekanismista, jota ei tuolloin viel\u00e4 ollut niin selke\u00e4 kuin nyky\u00e4\u00e4n. Valkoisen m\u00e4\u00e4r\u00e4 ei ollut aina vakiintunut, ja kuviovirheellisten siitoskissojen kuvio saatettiin joskus m\u00e4\u00e4ritell\u00e4 v\u00e4\u00e4rin, mik\u00e4 h\u00e4m\u00e4rsi asiaa edelleen.<\/p>\n\n\n\n<p>Rodun terveysasioissa Suomen Ragdoll-kissayhdistys ry on ollut yksi edell\u00e4k\u00e4vij\u00f6ist\u00e4 rotuyhdistysten keskuudessa. Yhdistykselle perustettiin terveysty\u00f6ryhm\u00e4 ensimm\u00e4isten joukossa, heti korat-yhdistyksen j\u00e4lkeen.<\/p>\n\n\n\n<p>Vuonna 1993 Suomessa syntyi vain kolme pentua eli edell\u00e4 mainittu Mogwai\u2019s-pentue. Seuraavana vuonna pentuja syntyi viisi pentua, vuonna 1995 niit\u00e4 syntyi jo 15 ja seuraavana vuonna yhteens\u00e4 27. Nousu jatkui jyrkk\u00e4n\u00e4 aina vuoteen 2008 asti, jolloin rekister\u00f6itiin 822 ragdollia. Nyky\u00e4\u00e4n rodun rekister\u00f6intim\u00e4\u00e4r\u00e4t ovat vuosittain noin 580\u2013650 kissaa.<\/p>\n\n\n\n<p>Vuosituhannen vaihteessa ragdollit esiintyiv\u00e4t usein televisiossa ja lehdiss\u00e4. Vuonna 2003 Iltasanomat kertoi, kuinka Brunein kruunuprinssi oli l\u00f6yt\u00e4nyt netiss\u00e4 surffaillessaan Mirandos-kissalan ragdollin nimelt\u00e4 Sara, ihastunut siihen ja ostanut sen itselleen. Lehdess\u00e4 mainittiin my\u00f6s, ett\u00e4 prinssin 20 kissasta s\u00e4nkyyn oli p\u00e4\u00e4sy vain kolmella suosikilla, joista Sara oli yksi.<\/p>\n\n\n\n<p>Suosikkiasema ei tuo mukanaan pelk\u00e4st\u00e4\u00e4n my\u00f6nteisi\u00e4 asioita. Pentujen kysynt\u00e4 oli suurta alusta l\u00e4htien ja niiden myynti oli helppoa, mutta samalla pieness\u00e4 populaatiossa esimerkiksi houkutus siitoskissojen liikak\u00e4ytt\u00f6\u00f6n oli vaarana. Alkuvuosina saatettiin siitoskissoja my\u00f6s myyd\u00e4 eteenp\u00e4in kasvattajalta toiselle el\u00e4kkeelle p\u00e4\u00e4st\u00e4misen sijaan, jolloin pentuem\u00e4\u00e4r\u00e4t kohosivat korkeammiksi kuin mit\u00e4 nyky\u00e4\u00e4n pidet\u00e4\u00e4n j\u00e4rkev\u00e4n\u00e4. Lis\u00e4ksi joidenkin kollien j\u00e4lkel\u00e4ism\u00e4\u00e4r\u00e4t alkoivat nousta liian suuriksi, ja sit\u00e4 pyrittiin rajoittamaan.<\/p>\n\n\n\n<p>Varhaiskastraatiota ei viel\u00e4 90-luvulla ja 2000-luvun alussa ollut k\u00e4yt\u00f6ss\u00e4, joten my\u00f6s ragdollien rekister\u00f6im\u00e4t\u00f6n kasvatus laajeni ja muodostui isoksi ongelmaksi rodulle. Pentuja teetettiin kissoilla, jotka eiv\u00e4t olleet siitoskelpoisia, ja n\u00e4iden sairaat pennut toivat huonoa mainetta koko rodulle.<\/p>\n\n\n\n<p>Bicolour-kuvio hyv\u00e4ksyttiin kattoj\u00e4rjest\u00f6ss\u00e4mme FIFe:ss\u00e4 ragdollien kuvioista ensimm\u00e4isen\u00e4 (1991). Vuodesta 1997 l\u00e4htien virallisen aseman saivat my\u00f6s colourpoint-ragdollit ja vuodesta 1999 l\u00e4htien mitted-kuvioiset. Punainen, creme, kilpikonna-v\u00e4ritys sek\u00e4 tabby-kuvio hyv\u00e4ksyttiin vuonna 2005.<\/p>\n\n\n\n<p>Colourpoint- ja mitted-kuvioisia kissoja on k\u00e4ytetty kasvatuksessa ja niit\u00e4 on syntynyt t\u00e4\u00e4ll\u00e4 aivan alusta l\u00e4htien, mutta ensimm\u00e4inen punainen ragdoll rekister\u00f6itiin Suomeen vasta vuoden 2003 tammikuussa. Pian punaisia kissoja tuotiin muitakin ja punaisella v\u00e4rill\u00e4 kasvatus p\u00e4\u00e4si vauhtiin.<\/p>\n\n\n\n<p>Punainen v\u00e4ri on saatu rotuun risteytyksill\u00e4 persialaiskissojen kanssa, ja 90-luvulla tehtiin maailmalla muitakin roturisteytysprojekteja esimerkiksi pyh\u00e4 birma -rodun ja perinteisten balineesien kanssa. Niiden my\u00f6t\u00e4 rotuun saatiin uusia v\u00e4rej\u00e4 ja samalla sukusiittoisuutta alemmaksi. Vuosituhannen vaihteessa alettiin t\u00e4m\u00e4n vuoksi puhua perinteisest\u00e4 ja ep\u00e4perinteisest\u00e4 kasvatuksesta. Perinteisess\u00e4 ragdoll-kasvatuksessa sukutauluun ei hyv\u00e4ksyt\u00e4 lainkaan roturisteytyksi\u00e4.<\/p>\n\n\n\n<p>Ensimm\u00e4inen lilan v\u00e4rinen Suomeen tuotu ragdoll, EP IC Ragnarok\u2019s Heart Breaker (s. 17.6.1994), teki hienon n\u00e4yttelyuran, mutta ei saanut t\u00e4\u00e4ll\u00e4 j\u00e4lkel\u00e4isi\u00e4. Ensimm\u00e4inen Suomessa syntynyt suklaan v\u00e4rinen ragdoll oli Tiridoll\u2019s Anrietta (s. 16.3.1995), mutta on hyv\u00e4 muistaa, ett\u00e4 ennen dna-testej\u00e4 suklaan erottaminen ruskeasta v\u00e4rist\u00e4 oli vaikeaa. Siksi my\u00f6s vaaleiksi j\u00e4\u00e4neet ruskeat ragdollit monesti rekister\u00f6itiin suklaan v\u00e4risin\u00e4, jos niilt\u00e4 vain l\u00f6ytyi molemmilta puolilta monen sukupolven takaa joku suklaan v\u00e4rinen esivanhempi.<\/p>\n<\/div>\n<\/div>\n\n\n\n<p><\/p>\n\n\n\n<p><\/p>\n\n\n\n<p><\/p>\n\n\n\n<p><\/p>\n\n\n\n<p><\/p>\n\n\n\n<p><\/p>\n\n\n\n<p><\/p>\n\n\n\n<p><\/p>\n\n\n\n<p><\/p>\n\n\n\n<p><\/p>\n\n\n\n<div class=\"inherit-container-width wp-block-group is-layout-constrained wp-container-core-group-is-layout-dab6a7dc wp-block-group-is-layout-constrained\" style=\"border-style:none;border-width:0px;margin-top:0;margin-bottom:0;padding-top:0;padding-right:0;padding-bottom:0;padding-left:0\">\n<div class=\"wp-block-columns is-layout-flex wp-container-core-columns-is-layout-28f84493 wp-block-columns-is-layout-flex\">\n<div class=\"wp-block-column is-layout-flow wp-block-column-is-layout-flow\"><\/div>\n\n\n\n<div class=\"wp-block-column is-layout-flow wp-block-column-is-layout-flow\"><\/div>\n<\/div>\n<\/div>\n","protected":false},"excerpt":{"rendered":"<p>Ragdollien historia Suomessa Vaikka ragdoll-rotu kehitettiin Kaliforniassa jo 1960-luvun lopulla, ensimm\u00e4iset rodun edustajat n\u00e4htiin Suomessa vasta yli 20 vuotta my\u00f6hemmin, vuonna 1992. Silloin Mogwai\u2019s-kissalan kasvattajat Tuija ja Kari Juntunen toivat Saksasta ruskean bicolour-naaraan ja sinisen colourpoint-uroksen. EC Dungle-Duck\u2019s Cinderella oli ensimm\u00e4inen Suomeen tuotu ragdoll-naaras. Se synnytti Mogwai\u2019s-kissalaan kolme pentuetta ja sen j\u00e4lkeen nelj\u00e4 pentuetta Allierags-kissalaan. [&hellip;]<\/p>\n","protected":false},"author":2,"featured_media":0,"parent":596,"menu_order":0,"comment_status":"closed","ping_status":"closed","template":"","meta":{"site-sidebar-layout":"default","site-content-layout":"","ast-site-content-layout":"default","site-content-style":"default","site-sidebar-style":"default","ast-global-header-display":"","ast-banner-title-visibility":"","ast-main-header-display":"","ast-hfb-above-header-display":"","ast-hfb-below-header-display":"","ast-hfb-mobile-header-display":"","site-post-title":"","ast-breadcrumbs-content":"","ast-featured-img":"","footer-sml-layout":"","ast-disable-related-posts":"","theme-transparent-header-meta":"","adv-header-id-meta":"","stick-header-meta":"","header-above-stick-meta":"","header-main-stick-meta":"","header-below-stick-meta":"","astra-migrate-meta-layouts":"set","ast-page-background-enabled":"default","ast-page-background-meta":{"desktop":{"background-color":"var(--ast-global-color-4)","background-image":"","background-repeat":"repeat","background-position":"center center","background-size":"auto","background-attachment":"scroll","background-type":"","background-media":"","overlay-type":"","overlay-color":"","overlay-opacity":"","overlay-gradient":""},"tablet":{"background-color":"","background-image":"","background-repeat":"repeat","background-position":"center center","background-size":"auto","background-attachment":"scroll","background-type":"","background-media":"","overlay-type":"","overlay-color":"","overlay-opacity":"","overlay-gradient":""},"mobile":{"background-color":"","background-image":"","background-repeat":"repeat","background-position":"center center","background-size":"auto","background-attachment":"scroll","background-type":"","background-media":"","overlay-type":"","overlay-color":"","overlay-opacity":"","overlay-gradient":""}},"ast-content-background-meta":{"desktop":{"background-color":"var(--ast-global-color-5)","background-image":"","background-repeat":"repeat","background-position":"center center","background-size":"auto","background-attachment":"scroll","background-type":"","background-media":"","overlay-type":"","overlay-color":"","overlay-opacity":"","overlay-gradient":""},"tablet":{"background-color":"var(--ast-global-color-5)","background-image":"","background-repeat":"repeat","background-position":"center center","background-size":"auto","background-attachment":"scroll","background-type":"","background-media":"","overlay-type":"","overlay-color":"","overlay-opacity":"","overlay-gradient":""},"mobile":{"background-color":"var(--ast-global-color-5)","background-image":"","background-repeat":"repeat","background-position":"center center","background-size":"auto","background-attachment":"scroll","background-type":"","background-media":"","overlay-type":"","overlay-color":"","overlay-opacity":"","overlay-gradient":""}},"ngg_post_thumbnail":0,"footnotes":""},"class_list":["post-116","page","type-page","status-publish","hentry"],"_links":{"self":[{"href":"https:\/\/finragdolls.net\/index.php\/wp-json\/wp\/v2\/pages\/116","targetHints":{"allow":["GET"]}}],"collection":[{"href":"https:\/\/finragdolls.net\/index.php\/wp-json\/wp\/v2\/pages"}],"about":[{"href":"https:\/\/finragdolls.net\/index.php\/wp-json\/wp\/v2\/types\/page"}],"author":[{"embeddable":true,"href":"https:\/\/finragdolls.net\/index.php\/wp-json\/wp\/v2\/users\/2"}],"replies":[{"embeddable":true,"href":"https:\/\/finragdolls.net\/index.php\/wp-json\/wp\/v2\/comments?post=116"}],"version-history":[{"count":24,"href":"https:\/\/finragdolls.net\/index.php\/wp-json\/wp\/v2\/pages\/116\/revisions"}],"predecessor-version":[{"id":2084,"href":"https:\/\/finragdolls.net\/index.php\/wp-json\/wp\/v2\/pages\/116\/revisions\/2084"}],"up":[{"embeddable":true,"href":"https:\/\/finragdolls.net\/index.php\/wp-json\/wp\/v2\/pages\/596"}],"wp:attachment":[{"href":"https:\/\/finragdolls.net\/index.php\/wp-json\/wp\/v2\/media?parent=116"}],"curies":[{"name":"wp","href":"https:\/\/api.w.org\/{rel}","templated":true}]}}