{"id":605,"date":"2023-10-29T17:38:09","date_gmt":"2023-10-29T17:38:09","guid":{"rendered":"https:\/\/finragdolls.net.wp2.kotisivut.com\/wordpress\/?page_id=605"},"modified":"2025-01-24T19:31:29","modified_gmt":"2025-01-24T19:31:29","slug":"ragdoll-ja-terveys","status":"publish","type":"page","link":"https:\/\/finragdolls.net\/index.php\/ragdoll-rotu\/ragdoll-ja-terveys\/","title":{"rendered":"Ragdollien terveys"},"content":{"rendered":"\n<h2 class=\"wp-block-heading\">Ragdollien terveys<\/h2>\n\n\n\n<div class=\"inherit-container-width wp-block-group is-layout-constrained wp-container-core-group-is-layout-b6e7b98c wp-block-group-is-layout-constrained\" style=\"padding-right:0;padding-left:0\">\n<div class=\"wp-block-columns is-layout-flex wp-container-core-columns-is-layout-28f84493 wp-block-columns-is-layout-flex\">\n<div class=\"wp-block-column is-layout-flow wp-block-column-is-layout-flow\" style=\"flex-basis:66.66%\">\n<p>Ragdoll-rodun geneettisesti melko kapea alku aiheutti viel\u00e4 90-luvulla ragdollien korkeat sukusiitosprosentit. Sukusiittoisuutta lis\u00e4si my\u00f6s se, ett\u00e4 varsinkin n\u00e4yttelykissojen ulkomuotoa pyrittiin melko yleisesti parantamaan yhdist\u00e4m\u00e4ll\u00e4 menestyksekk\u00e4it\u00e4 l\u00e4hisukulaisia.<br><br>Sukusiittoisuus nosti esiin erilaisia perinn\u00f6llisi\u00e4 sairauksia, ja erityist\u00e4 huolta aiheutti syd\u00e4nsairaus hypertrofinen kardiomyopatia (HCM). Sairaus on dominoivasti periytyv\u00e4, mutta sill\u00e4 on ep\u00e4t\u00e4ydellinen penetranssi eli virheellisen geenin ainoastaan toiselta vanhemmista perineist\u00e4 kissoista vain pieni osa sairastuu. Jos sen sijaan pentu saa HCM-geenin molemmilta vanhemmiltaan, se yleens\u00e4 menehtyy varhain.<br><br>Ennen kuin HCM-geenitesti vuonna 2007 saatiin k\u00e4ytt\u00f6\u00f6n ei ollut lainkaan harvinaista, ett\u00e4 nuori ragdoll menehtyi yll\u00e4tt\u00e4en syd\u00e4nkohtaukseen. Sairautta yritettiin torjua ultraamalla siitoskissojen syd\u00e4met, mutta t\u00e4ll\u00e4 tavoin saatiin karsittua vain aikaisin ilmenneet muutokset. HCM-geenin kantajia ei yleens\u00e4 voitu ultrauksella tunnistaa. Kun kissoja p\u00e4\u00e4stiin lopulta testaamaan, huomattiin ett\u00e4 Suomen ragdoll-kannasta jopa 34 prosenttia oli HCM-geenin kantajia.<br><br>Geenin kantajien harkittu karsiminen kasvatuksesta parin sukupolven aikana onnistui, ja rodussa v\u00e4ltyttiin pullonkaulalta, joka aiheutuu liian nopeasta geneettisen materiaalin supistumisesta ja saattaa nostaa esiin uusia perinn\u00f6llisi\u00e4 sairauksia. Nyky\u00e4\u00e4n HCM-geenin kantajia ei kuitenkaan ole en\u00e4\u00e4 mit\u00e4\u00e4n syyt\u00e4 k\u00e4ytt\u00e4\u00e4 kasvatuksessa.<br><br>Muita harvinaisempi HCM-muotoja tulee esiin satunnaisesti. N\u00e4ihin ei ole geenitesti\u00e4, ja siksi siitoskissojen syd\u00e4nultra on t\u00e4rke\u00e4.<\/p>\n\n\n\n<p><\/p>\n\n\n\n<p>Toinen ragdollien yleinen terveysongelma oli 2000-luvun alussa munuaissairaus refluksi nefropatia. Sittemmin se saatiin siitoskissoja ultraamalla ja sukusiitosta v\u00e4ltt\u00e4m\u00e4ll\u00e4 v\u00e4henem\u00e4\u00e4n,&nbsp; mutta nyt tapausten m\u00e4\u00e4r\u00e4 vaikuttaisi olevan taas hiljalleen kasvamassa. T\u00e4m\u00e4n vuoksi siitoskissoilla my\u00f6s munuaisten ultraus on edelleen t\u00e4rke\u00e4\u00e4. Ultrauksella varmistetaan lis\u00e4ksi, ett\u00e4 kissalla on molemmat munuaiset ja ne ovat normaalin kokoiset.<br><br>Munuaiset ovat kaikkien kissojen heikko kohta, ja on melko yleist\u00e4, ett\u00e4 ne alkavat pikkuhiljaa rappeutua kissan ik\u00e4\u00e4ntyess\u00e4. T\u00e4m\u00e4 ilmenee muun muassa munuaisten vajaatoimintana. Siksi viimeist\u00e4\u00e4n toiselle vuosikymmenelle tullessa kissan terveystarkastukseen olisi hyv\u00e4 sis\u00e4llytt\u00e4\u00e4 s\u00e4\u00e4nn\u00f6llinen verikoe, josta n\u00e4kyv\u00e4t my\u00f6s munuaisarvot. Munuaisten toimintaa on mahdollista tukea erityisruokavaliolla.<\/p>\n\n\n\n<p>Helsingin yliopistossa tehtiin vuonna 2016 laaja Kissojen terveystutkimus, jossa oli mukana 20 eri rotua sek\u00e4 verrokkiryhm\u00e4n\u00e4 kotikissoja. Yleisimpi\u00e4 kaikilla kissoilla olivat hammassairaudet. Ragdolleilla mitk\u00e4\u00e4n sairaudet eiv\u00e4t erityisesti korostuneet. Tutkimusraporttiin voi tutustua <a href=\"https:\/\/www.frontiersin.org\/articles\/10.3389\/fvets.2016.00070\/full\" target=\"_blank\" rel=\"noreferrer noopener\">t\u00e4st\u00e4<\/a> <\/p>\n\n\n\n<p>Vuonna 2016 ragdoll-kasvattajat Pohjoismaissa ja muualla maailmassa kohtasivat uuden ongelman: varsinkin Ruotsissa, mutta my\u00f6s Suomessa ja muuallakin alkoi synty\u00e4 k\u00e4\u00e4pi\u00f6pentuja, jotka j\u00e4iv\u00e4t nopeasti kehityksess\u00e4 j\u00e4lkeen sisaruksistaan ja lopulta menehtyiv\u00e4t ennen puolen vuoden ik\u00e4\u00e4.<br><br>Kun asiaa tutkittiin, mutaation p\u00e4\u00e4teltiin syntyneen 2000-luvun alussa kissassa nimelt\u00e4 Patriarca Gucci. Kyseist\u00e4 naarasta ja sen pentuja oli k\u00e4ytetty paljon kasvatuksessa, ja j\u00e4lkel\u00e4isi\u00e4 oli runsaasti erityisesti Pohjoismaissa.<br><br>K\u00e4\u00e4pi\u00f6pentu syntyy, kun kissa perii k\u00e4\u00e4pi\u00f6geenin molemmilta vanhemmiltaan. Jos se saa geenin vain toiselta vanhemmaltaan, se ei sairastu, mutta voi siirt\u00e4\u00e4 geeni\u00e4 eteenp\u00e4in omille j\u00e4lkel\u00e4isilleen.<br><br>K\u00e4\u00e4pi\u00f6geeni\u00e4 on tutkittu useita vuosia Ruotsin maataloustieteiden yliopistossa (SLU) ja tiedotteiden mukaan geeni olisi nyt l\u00f6ytynyt, mutta ennen kuin tutkimus on saatu julkaistua, geenitesti\u00e4 ei&nbsp; saada eteenp\u00e4in.<\/p>\n\n\n\n<p>Toistaiseksi kasvattajien pit\u00e4\u00e4 siis tutkia tarkkaan sukutauluja, ettei kahta potentiaalia k\u00e4\u00e4pi\u00f6geenin kantajaa vain vahingossa pariteta. K\u00e4\u00e4pi\u00f6pennun syntym\u00e4 on aina ik\u00e4v\u00e4\u00e4 kasvattajalle, mutta viel\u00e4 kurjempaa se on, jos sairautta ei huomata ennen luovutusta ja pentu menehtyy pian uuteen kotiin p\u00e4\u00e4sty\u00e4\u00e4n.<\/p>\n\n\n\n<p>Aivan kuten alkuvuosina, sukusiittoisuuden pit\u00e4minen matalana on edelleen yksi t\u00e4rkeimmist\u00e4 p\u00e4\u00e4m\u00e4\u00e4rist\u00e4. Sukusiitoksen keskiarvo nyky\u00e4\u00e4n syntyviss\u00e4 pentueissa on 3,45 % ja jotta rotua saataisiin parannettua, yhdistelmien sukusiitosasteen tulisi 10 sukupolvella j\u00e4\u00e4d\u00e4 t\u00e4m\u00e4n keskiarvon alle.&nbsp;<\/p>\n\n\n\n<p>Rodun terveytt\u00e4 voivat pit\u00e4\u00e4 yll\u00e4 my\u00f6s valistuneet pentujen ostajat. Mit\u00e4 useampi ostaja muistaa tarkistaa, ett\u00e4 pennun vanhemmille on tehty syd\u00e4n- ja munuaisultrat, eik\u00e4 sukusiitosaste ole noussut liian korkeaksi, sit\u00e4 enemm\u00e4n my\u00f6s kasvattajille muodostuu painetta ottaa terveysasiat vakavasti k\u00e4yt\u00e4nn\u00f6n kasvatusvalinnoissa.<\/p>\n<\/div>\n\n\n\n<div class=\"wp-block-column is-layout-flow wp-block-column-is-layout-flow\" style=\"flex-basis:20px\"><\/div>\n\n\n\n<div class=\"wp-block-column is-layout-flow wp-block-column-is-layout-flow\" style=\"flex-basis:33.33%\">\n<h4 class=\"wp-block-heading\">T\u00e4rkeit\u00e4 linkkej\u00e4<\/h4>\n\n\n\n<h5 class=\"wp-block-heading\" style=\"text-transform:none\"><a href=\"https:\/\/www.pawpeds.com\/db\/?p=rag\">Pawpeds<\/a> (RAG)<\/h5>\n\n\n\n<p>Ragdoll-sukutaulutietokanta<\/p>\n\n\n\n<h5 class=\"wp-block-heading\" style=\"text-transform:none\"><a href=\"https:\/\/www.kissaliitto.fi\/omakissa_kayttoohje\" data-type=\"link\" data-id=\"https:\/\/www.kissaliitto.fi\/omakissa_kayttoohje\">Omakissa<\/a><\/h5>\n\n\n\n<p>Kissaliiton omakissa-palvelu, josta l\u00f6ytyy mm. sukutauluja ja terveystietoja<\/p>\n\n\n\n<h5 class=\"wp-block-heading\" style=\"text-transform:none\"><a href=\"https:\/\/www.kissangeenit.fi\/\" data-type=\"link\" data-id=\"https:\/\/www.kissangeenit.fi\/\">Geenitutkimus<\/a><\/h5>\n\n\n\n<p><em>Kissojen geenitutkimusta tehd\u00e4\u00e4n Helsingin yliopiston ja Folkh\u00e4lsanin tutkimuskeskuksen alaisuudessa.<\/em><\/p>\n<\/div>\n<\/div>\n<\/div>\n","protected":false},"excerpt":{"rendered":"<p>Ragdollien terveys Ragdoll-rodun geneettisesti melko kapea alku aiheutti viel\u00e4 90-luvulla ragdollien korkeat sukusiitosprosentit. Sukusiittoisuutta lis\u00e4si my\u00f6s se, ett\u00e4 varsinkin n\u00e4yttelykissojen ulkomuotoa pyrittiin melko yleisesti parantamaan yhdist\u00e4m\u00e4ll\u00e4 menestyksekk\u00e4it\u00e4 l\u00e4hisukulaisia. Sukusiittoisuus nosti esiin erilaisia perinn\u00f6llisi\u00e4 sairauksia, ja erityist\u00e4 huolta aiheutti syd\u00e4nsairaus hypertrofinen kardiomyopatia (HCM). Sairaus on dominoivasti periytyv\u00e4, mutta sill\u00e4 on ep\u00e4t\u00e4ydellinen penetranssi eli virheellisen geenin ainoastaan [&hellip;]<\/p>\n","protected":false},"author":3,"featured_media":0,"parent":600,"menu_order":3,"comment_status":"closed","ping_status":"closed","template":"","meta":{"site-sidebar-layout":"default","site-content-layout":"","ast-site-content-layout":"default","site-content-style":"default","site-sidebar-style":"default","ast-global-header-display":"","ast-banner-title-visibility":"","ast-main-header-display":"","ast-hfb-above-header-display":"","ast-hfb-below-header-display":"","ast-hfb-mobile-header-display":"","site-post-title":"","ast-breadcrumbs-content":"","ast-featured-img":"","footer-sml-layout":"","ast-disable-related-posts":"","theme-transparent-header-meta":"","adv-header-id-meta":"","stick-header-meta":"","header-above-stick-meta":"","header-main-stick-meta":"","header-below-stick-meta":"","astra-migrate-meta-layouts":"default","ast-page-background-enabled":"default","ast-page-background-meta":{"desktop":{"background-color":"var(--ast-global-color-4)","background-image":"","background-repeat":"repeat","background-position":"center center","background-size":"auto","background-attachment":"scroll","background-type":"","background-media":"","overlay-type":"","overlay-color":"","overlay-opacity":"","overlay-gradient":""},"tablet":{"background-color":"","background-image":"","background-repeat":"repeat","background-position":"center center","background-size":"auto","background-attachment":"scroll","background-type":"","background-media":"","overlay-type":"","overlay-color":"","overlay-opacity":"","overlay-gradient":""},"mobile":{"background-color":"","background-image":"","background-repeat":"repeat","background-position":"center center","background-size":"auto","background-attachment":"scroll","background-type":"","background-media":"","overlay-type":"","overlay-color":"","overlay-opacity":"","overlay-gradient":""}},"ast-content-background-meta":{"desktop":{"background-color":"var(--ast-global-color-5)","background-image":"","background-repeat":"repeat","background-position":"center center","background-size":"auto","background-attachment":"scroll","background-type":"","background-media":"","overlay-type":"","overlay-color":"","overlay-opacity":"","overlay-gradient":""},"tablet":{"background-color":"var(--ast-global-color-5)","background-image":"","background-repeat":"repeat","background-position":"center center","background-size":"auto","background-attachment":"scroll","background-type":"","background-media":"","overlay-type":"","overlay-color":"","overlay-opacity":"","overlay-gradient":""},"mobile":{"background-color":"var(--ast-global-color-5)","background-image":"","background-repeat":"repeat","background-position":"center center","background-size":"auto","background-attachment":"scroll","background-type":"","background-media":"","overlay-type":"","overlay-color":"","overlay-opacity":"","overlay-gradient":""}},"ngg_post_thumbnail":0,"footnotes":""},"class_list":["post-605","page","type-page","status-publish","hentry"],"_links":{"self":[{"href":"https:\/\/finragdolls.net\/index.php\/wp-json\/wp\/v2\/pages\/605","targetHints":{"allow":["GET"]}}],"collection":[{"href":"https:\/\/finragdolls.net\/index.php\/wp-json\/wp\/v2\/pages"}],"about":[{"href":"https:\/\/finragdolls.net\/index.php\/wp-json\/wp\/v2\/types\/page"}],"author":[{"embeddable":true,"href":"https:\/\/finragdolls.net\/index.php\/wp-json\/wp\/v2\/users\/3"}],"replies":[{"embeddable":true,"href":"https:\/\/finragdolls.net\/index.php\/wp-json\/wp\/v2\/comments?post=605"}],"version-history":[{"count":14,"href":"https:\/\/finragdolls.net\/index.php\/wp-json\/wp\/v2\/pages\/605\/revisions"}],"predecessor-version":[{"id":1717,"href":"https:\/\/finragdolls.net\/index.php\/wp-json\/wp\/v2\/pages\/605\/revisions\/1717"}],"up":[{"embeddable":true,"href":"https:\/\/finragdolls.net\/index.php\/wp-json\/wp\/v2\/pages\/600"}],"wp:attachment":[{"href":"https:\/\/finragdolls.net\/index.php\/wp-json\/wp\/v2\/media?parent=605"}],"curies":[{"name":"wp","href":"https:\/\/api.w.org\/{rel}","templated":true}]}}