{"id":617,"date":"2023-10-29T17:41:18","date_gmt":"2023-10-29T17:41:18","guid":{"rendered":"https:\/\/finragdolls.net.wp2.kotisivut.com\/wordpress\/?page_id=617"},"modified":"2024-08-07T17:49:42","modified_gmt":"2024-08-07T17:49:42","slug":"tunnista-pentutehtailija","status":"publish","type":"page","link":"https:\/\/finragdolls.net\/index.php\/pentuinfo\/tunnista-pentutehtailija\/","title":{"rendered":"Tunnista pentutehtailija"},"content":{"rendered":"\n<h2 class=\"wp-block-heading\">\u00c4l\u00e4 tue pentutehtailijaa \u2013 tunnista h\u00e4m\u00e4r\u00e4 toiminta<\/h2>\n\n\n\n<p>Ragdollien ja muidenkin rotukissojen suuri kysynt\u00e4 on houkutellut koulutettujen ja asiallisesti kasvatustoimintaa harrastavien kasvattajien joukkoon kissojen hyvinvoinnista piittaamattomia ja vain rahan per\u00e4ss\u00e4 toimivia pentutehtailijoita. Jokaisen kissaa hankkivan on hyv\u00e4 tunnistaa ero rehellisen ja luotettavan kasvattajan sek\u00e4 h\u00e4m\u00e4r\u00e4n, ep\u00e4luotettavan pentutehtailijan v\u00e4lill\u00e4.<\/p>\n\n\n\n<p><strong>1. Pentutehtaillulle tyypillist\u00e4 on toiminnan salailu ja piilottelu.<\/strong><\/p>\n\n\n\n<p>Pennun ostajia ei p\u00e4\u00e4stet\u00e4 kotiin vaan pennut esitell\u00e4\u00e4n muualla kuin niiden asuinpaikassa. Pentu my\u00f6s halutaan tuoda suoraan ostajan kotiin tai muuhun tapaamispaikkaan, vaikka kyseess\u00e4 olisi ensimm\u00e4inen kontakti pennun ostajan ja myyj\u00e4n v\u00e4lill\u00e4. Emoa ei esitell\u00e4, vaikka pennut ovat alle 14-viikkoisia.<\/p>\n\n\n\n<p>Huomaa, ett\u00e4 jos emo on sijoitusnaaras, se on saattanut palata kasvattajan luota omaan kotiinsa, jos pennut ovat jo yli luovutusi\u00e4n. T\u00e4m\u00e4 on t\u00e4ysin mahdollista eik\u00e4 tarkoita sit\u00e4, ett\u00e4 kyseess\u00e4 olisi h\u00e4m\u00e4r\u00e4 toiminta.<\/p>\n\n\n\n<p><strong>2. Pentuja kaupataan ilmaisilla lehti- ja internet sivuilla.<\/strong><\/p>\n\n\n\n<p>Myyj\u00e4n yhteystiedot ovat salaisia ja tilap\u00e4isi\u00e4. Ilmoituksissa olevat kuvat saattavat olla kopioituja jonkun rehellisen kasvattajan kotisivuilta eiv\u00e4tk\u00e4 esit\u00e4 ollenkaan niit\u00e4 pentuja, jotka ovat myynniss\u00e4.<\/p>\n\n\n\n<p><strong>3. Terveystodistuksia ei n\u00e4ytet\u00e4.<\/strong><\/p>\n\n\n\n<p>Pentutehtailija saattaa v\u00e4itt\u00e4\u00e4 terveystodistusten puuttuvan vahinkoastumisen vuoksi. Myyj\u00e4 voi yritt\u00e4\u00e4 vedota ostajaan pennun lopettamisella. Pentutehtailua on my\u00f6s toiminta, jossa osa pentueista rekister\u00f6id\u00e4\u00e4n ja teetet\u00e4\u00e4n samalla emolla pian uusi, rekister\u00f6im\u00e4t\u00f6n muka vahinkopentue, tarkoituksena rahan ansaitseminen.<\/p>\n\n\n\n<p><strong>4. Todisteita rekister\u00f6innist\u00e4 ole.<\/strong><\/p>\n\n\n\n<p>Tyypillist\u00e4 on my\u00f6s pentujen rekister\u00f6im\u00e4tt\u00f6myys. Rekisterikirjan puuttumista selitet\u00e4\u00e4n eri tavoin. Se saatetaan luvata toimittaa my\u00f6hemmin tai v\u00e4itet\u00e4\u00e4n ett\u00e4 ostaja voi itse rekister\u00f6id\u00e4 pennun tai kerrotaan, ettei rekisterikirjaa tarvita, koska pentua ei aiota n\u00e4yttelytt\u00e4\u00e4.<\/p>\n\n\n\n<p>Totuus on kuitenkin se, ett\u00e4 pennut voi rekister\u00f6id\u00e4 ainoastaan niiden kasvattaja, jos t\u00e4m\u00e4 on k\u00e4ynyt kasvattajakurssin sek\u00e4 rekister\u00f6inyt kasvattajanimen ja sitoutunut noudattamaan kattoj\u00e4rjest\u00f6n s\u00e4\u00e4nt\u00f6j\u00e4 kasvatuksessaan.<\/p>\n\n\n\n<p>Rekisterikirjan puuttuminen on merkki siit\u00e4, etteiv\u00e4t n\u00e4m\u00e4 asiat ole kunnossa. Luovutusi\u00e4n jo saavuttaneilla pennuilla yleens\u00e4 on rekisterikirja, mutta joskus rekister\u00f6inniss\u00e4 tulee viiveit\u00e4. T\u00e4ll\u00f6in Suomen Kissaliiton alaisuudessa toimivat kasvattajat voivat n\u00e4ytt\u00e4\u00e4 Suomen Kissaliiton Omakissa-rekisteriss\u00e4 olevan merkinn\u00e4n jo k\u00e4ynniss\u00e4 olevasta pennun rekister\u00f6innist\u00e4.<\/p>\n\n\n\n<p><strong>5. Ostaja ei saa tietoonsa sukulinjoja.<\/strong><\/p>\n\n\n\n<p>Rekister\u00f6im\u00e4t\u00f6n pentu saattaa my\u00f6s olla hyvinkin sis\u00e4siittoinen. T\u00e4m\u00e4 lis\u00e4\u00e4 perinn\u00f6llisten sairauksien ja ep\u00e4muodostumienkin riski\u00e4. Tai voi olla, ettei is\u00e4st\u00e4 ei ole tietoa, mist\u00e4 ei tietenk\u00e4\u00e4n kerrota ostajalle. Suomen Kissaliittoon rekister\u00f6idyn pennun sukutaulu l\u00f6ytyy Omakissa-rekisterist\u00e4 ja yleens\u00e4 my\u00f6s kansainv\u00e4lisest\u00e4 PawPeds-tietokannasta, josta voi helposti tarkistaa kissan sukusiittoisuuden.<\/p>\n\n\n\n<p><strong>6. Pennut saattavat olla heikkoja ja sairaalloisia.<\/strong><\/p>\n\n\n\n<p>Jos rahan ansainta on pentujen tuottamisessa t\u00e4rkeint\u00e4, emon terveydest\u00e4 ei useinkaan ole riitt\u00e4v\u00e4sti pidetty huolta tiineys- tai imetysaikana, ja my\u00f6s pentujen ruokinta ja hoito on saattanut olla ala-arvoista. Pentu on usein rokottamaton ja madottamaton, eik\u00e4 el\u00e4inl\u00e4\u00e4k\u00e4ri ole tarkastanut sit\u00e4. Pentu saattaa olla my\u00f6s sairas. Sairaus ilmenee usein vasta uuden omistajan luona, ja t\u00e4llaisen pennun ostaminen on t\u00e4ysin ven\u00e4l\u00e4ist\u00e4 rulettia. Sairastelevasta ja pahimmassa tapauksessa elinkelvottomastakin pennusta aiheutuu ostajalle el\u00e4inl\u00e4\u00e4k\u00e4rikuluja ja suurta surua. Pentutehtaan pennut el\u00e4v\u00e4t aivan liian usein lyhyen ja surkean el\u00e4m\u00e4n.<\/p>\n\n\n\n<p><strong>Jos ep\u00e4ilet olevasi tekemisiss\u00e4 pentutehtailijan kanssa, ota yhteys el\u00e4insuojeluvalvojaan tai kunnan- tai kaupunginel\u00e4inl\u00e4\u00e4k\u00e4riin varsinkin silloin, kun ep\u00e4ilet salakuljetusta tai el\u00e4inten huonoa hoitoa!<\/strong><\/p>\n\n\n\n<p>Kysynn\u00e4n ja tarjonnan laki toimii my\u00f6s pentutehtailussa. Kysynt\u00e4 lis\u00e4\u00e4 aina tarjontaa. \u00c4l\u00e4 siis hanki pentua ep\u00e4ilytt\u00e4vist\u00e4 oloista ja tarkista pentua kauppaavan henkil\u00f6n taustat, jos vain pystyt. Tietoa saat kyseisen rodun rotuyhdistyksen kasvattajasivuilta, eri rotukissayhdistysten (Kissaliiton j\u00e4senyhdistysten) sivuilta ja kyselem\u00e4ll\u00e4.<\/p>\n\n\n\n<p>Jos kasvattajasta ei l\u00f6ydy mit\u00e4\u00e4n tietoa, harkitse asiaa uudelleen. S\u00e4\u00e4li ei ole hyv\u00e4ksytt\u00e4v\u00e4 syy ostaa pentua. Jos pelastat tehtailijalta yhden pennun, teet tilaa uudelle ja n\u00e4in tahtomattasi tuetkin h\u00e4nen toimintaansa.<\/p>\n\n\n\n<p>Suomessa on runsaasti luotettavia, kasvatusty\u00f6t\u00e4 ja kissojaan aidosti rakastavia kasvattajia. He t\u00e4ytt\u00e4v\u00e4t asiallisen kasvattajan vaatimukset ja heid\u00e4n kanssaan asioidessa kissan hankinta on hyv\u00e4 ja iloinen tapahtuma.<\/p>\n\n\n\n<p>Ragdoll-kasvattajien yhteystietoja ja tietoa myyt\u00e4v\u00e4n\u00e4 olevista pennuista l\u00f6yd\u00e4t esimerkiksi&nbsp; Suomen Ragdoll-kissayhdistys ry:n kasvattajasivulta. Yhdistyksell\u00e4 on my\u00f6s luotettava pentuneuvoja.<\/p>\n\n\n\n<p>Suomen Ragdoll &#8211; Kissayhdistykseen kuuluvat kasvattajat toimivat Suomen Kissaliiton ja sen kattoj\u00e4rjest\u00f6n FIFen (Federation Internationale Feline) alaisuudessa ja niiden s\u00e4\u00e4nt\u00f6jen mukaan. Suomen Kissaliitto vaatii kasvattajiltaan kasvattajakoulutuksen ennen kuin kasvattajaoikeudet ja -nimi hyv\u00e4ksyt\u00e4\u00e4n. Kasvattajat sitoutuvat my\u00f6s allekirjoituksellaan noudattamaan Suomen Kissaliiton asettamia, kasvatukseen liittyvi\u00e4, rotukohtaisia s\u00e4\u00e4nt\u00f6j\u00e4. Pennun ostaminen on turvallista vain, kun hankit pennun vastuulliselta ja asiaan sitoutuneelta kasvattajalta. Rotukissalla on aina rekisterikirja.<\/p>\n\n\n\n<p><strong>Hanki lemmikkisi luotettavalta kasvattajalta, joka on sitoutunut noudattamaan Suomen Kissaliiton ja sen kattoj\u00e4rjest\u00f6n FIFe:n s\u00e4\u00e4nt\u00f6j\u00e4.<\/strong><\/p>\n\n\n\n<p>Suomen Ragdoll-kissayhdistys ry <\/p>\n\n\n\n<p><br><strong><a href=\"http:\/\/www.finragdolls.net\/\">Suomen Ragdoll-kissayhdistys ry<\/a><\/strong><br><a href=\"http:\/\/www.finragdolls.net\/\" target=\"_blank\" rel=\"noreferrer noopener\">http:\/\/www.finragdolls.net\/<\/a><br><strong><a href=\"https:\/\/www.facebook.com\/suomenragdollkissayhdistys?fref=t\">Facebookissa<\/a><\/strong><br><a href=\"https:\/\/www.facebook.com\/suomenragdollkissayhdistys?fref=t\">https:\/\/www.facebook.com\/suomenragdollkissayhdistys?fref=t<\/a><\/p>\n","protected":false},"excerpt":{"rendered":"<p>\u00c4l\u00e4 tue pentutehtailijaa \u2013 tunnista h\u00e4m\u00e4r\u00e4 toiminta Ragdollien ja muidenkin rotukissojen suuri kysynt\u00e4 on houkutellut koulutettujen ja asiallisesti kasvatustoimintaa harrastavien kasvattajien joukkoon kissojen hyvinvoinnista piittaamattomia ja vain rahan per\u00e4ss\u00e4 toimivia pentutehtailijoita. Jokaisen kissaa hankkivan on hyv\u00e4 tunnistaa ero rehellisen ja luotettavan kasvattajan sek\u00e4 h\u00e4m\u00e4r\u00e4n, ep\u00e4luotettavan pentutehtailijan v\u00e4lill\u00e4. 1. Pentutehtaillulle tyypillist\u00e4 on toiminnan salailu ja piilottelu. [&hellip;]<\/p>\n","protected":false},"author":2,"featured_media":0,"parent":644,"menu_order":0,"comment_status":"closed","ping_status":"closed","template":"","meta":{"site-sidebar-layout":"default","site-content-layout":"","ast-site-content-layout":"default","site-content-style":"default","site-sidebar-style":"default","ast-global-header-display":"","ast-banner-title-visibility":"","ast-main-header-display":"","ast-hfb-above-header-display":"","ast-hfb-below-header-display":"","ast-hfb-mobile-header-display":"","site-post-title":"","ast-breadcrumbs-content":"","ast-featured-img":"","footer-sml-layout":"","ast-disable-related-posts":"","theme-transparent-header-meta":"","adv-header-id-meta":"","stick-header-meta":"","header-above-stick-meta":"","header-main-stick-meta":"","header-below-stick-meta":"","astra-migrate-meta-layouts":"default","ast-page-background-enabled":"default","ast-page-background-meta":{"desktop":{"background-color":"var(--ast-global-color-4)","background-image":"","background-repeat":"repeat","background-position":"center center","background-size":"auto","background-attachment":"scroll","background-type":"","background-media":"","overlay-type":"","overlay-color":"","overlay-opacity":"","overlay-gradient":""},"tablet":{"background-color":"","background-image":"","background-repeat":"repeat","background-position":"center center","background-size":"auto","background-attachment":"scroll","background-type":"","background-media":"","overlay-type":"","overlay-color":"","overlay-opacity":"","overlay-gradient":""},"mobile":{"background-color":"","background-image":"","background-repeat":"repeat","background-position":"center center","background-size":"auto","background-attachment":"scroll","background-type":"","background-media":"","overlay-type":"","overlay-color":"","overlay-opacity":"","overlay-gradient":""}},"ast-content-background-meta":{"desktop":{"background-color":"var(--ast-global-color-5)","background-image":"","background-repeat":"repeat","background-position":"center center","background-size":"auto","background-attachment":"scroll","background-type":"","background-media":"","overlay-type":"","overlay-color":"","overlay-opacity":"","overlay-gradient":""},"tablet":{"background-color":"var(--ast-global-color-5)","background-image":"","background-repeat":"repeat","background-position":"center center","background-size":"auto","background-attachment":"scroll","background-type":"","background-media":"","overlay-type":"","overlay-color":"","overlay-opacity":"","overlay-gradient":""},"mobile":{"background-color":"var(--ast-global-color-5)","background-image":"","background-repeat":"repeat","background-position":"center center","background-size":"auto","background-attachment":"scroll","background-type":"","background-media":"","overlay-type":"","overlay-color":"","overlay-opacity":"","overlay-gradient":""}},"ngg_post_thumbnail":0,"footnotes":""},"class_list":["post-617","page","type-page","status-publish","hentry"],"_links":{"self":[{"href":"https:\/\/finragdolls.net\/index.php\/wp-json\/wp\/v2\/pages\/617","targetHints":{"allow":["GET"]}}],"collection":[{"href":"https:\/\/finragdolls.net\/index.php\/wp-json\/wp\/v2\/pages"}],"about":[{"href":"https:\/\/finragdolls.net\/index.php\/wp-json\/wp\/v2\/types\/page"}],"author":[{"embeddable":true,"href":"https:\/\/finragdolls.net\/index.php\/wp-json\/wp\/v2\/users\/2"}],"replies":[{"embeddable":true,"href":"https:\/\/finragdolls.net\/index.php\/wp-json\/wp\/v2\/comments?post=617"}],"version-history":[{"count":6,"href":"https:\/\/finragdolls.net\/index.php\/wp-json\/wp\/v2\/pages\/617\/revisions"}],"predecessor-version":[{"id":1733,"href":"https:\/\/finragdolls.net\/index.php\/wp-json\/wp\/v2\/pages\/617\/revisions\/1733"}],"up":[{"embeddable":true,"href":"https:\/\/finragdolls.net\/index.php\/wp-json\/wp\/v2\/pages\/644"}],"wp:attachment":[{"href":"https:\/\/finragdolls.net\/index.php\/wp-json\/wp\/v2\/media?parent=617"}],"curies":[{"name":"wp","href":"https:\/\/api.w.org\/{rel}","templated":true}]}}